 k?
287
Let k(j) = 29*j**3 - 7*j**2 - 47*j + 6. Let t be k(8). Calculate the highest common factor of 30 and t.
10
Suppose 2*h + 4*h + 216 = 0. Let d = h - -168. Calculate the greatest common divisor of 12 and d.
12
Suppose m = -4*d + 730, -5*d - 4*m = -2*m - 908. What is the highest common divisor of 1541 and d?
23
Let n be (36 - 35) + (7 - -2) + 2. Suppose -4*a - 4*p + 194 = 50, -108 = -3*a - p. Calculate the highest common factor of a and n.
12
Let v = -47 - -47. Suppose -5*z - j + 62 = 0, v = 3*z - 6*j + j - 54. Suppose 0 = -2*w + w + z. Calculate the greatest common divisor of w and 52.
13
Suppose 0 = -4*g - 4*a + 60, 3*g - 43 = -0*g - 2*a. Suppose 46 - 10 = -9*d. Let u be 24/30 - 64*d/5. Calculate the highest common factor of u and g.
13
Let z be 3/1*12 + -2. Let u be 4326/14 + (-3)/3 - (3 + -1). What is the greatest common factor of u and z?
34
Let c(z) = -4*z + 1. Let m(l) = -17*l + 4. Let q(y) = -25*c(y) + 6*m(y). Let v = 2 - 3. Let b be q(v). What is the greatest common factor of b and 8?
1
Let f be -3 - -3 - 2 - 65275/(-35). Calculate the highest common factor of 81 and f.
81
Suppose -67*l + 2480 + 30618 = 0. Calculate the greatest common factor of 208 and l.
26
Suppose -249*i - 31*i + 5444 = -21436. What is the highest common factor of i and 128?
32
Let g(f) = 7*f**2 - 3*f + 4. Let i be g(-4). Let d be -7 - (-13 + -20 + 10). What is the highest common divisor of d and i?
16
Let y = -34 - 14. Let f be (-4)/(-14) - y/28. Let s be -5*(-51)/f - (-8)/16. Calculate the greatest common factor of 16 and s.
16
Let y be (4/(-3))/((-20)/45). Suppose v = -y*v + 28. Let h = 266 - 252. Calculate the highest common divisor of h and v.
7
Let u(d) = -2*d**2 - 59*d - 79. Let i be u(-28). Suppose 0 = -i*r + 4*c + 2821, -3*r + 1667 = -17*c + 21*c. What is the highest common factor of 33 and r?
33
Let n = 2418 + -2414. Suppose 0 = g + 3*g + 72. Let h be g*(-7)/((-21)/(-6)). Calculate the greatest common factor of h and n.
4
Let p(j) = 2*j - 62*j**2 - 124 + 120*j**2 - 56*j**2 + 372. Let x be p(0). What is the greatest common divisor of 62 and x?
62
Let c = 264 - 192. Suppose 5*l + 4*o = 452, 16 + c = l + 2*o. Calculate the highest common divisor of l and 23.
23
Suppose 856*o = 854*o + 324. Suppose -o*z + 390 = -156*z. Calculate the highest common factor of 10 and z.
5
Let g(u) = 1006*u + 5039. Let f be g(-5). Let w(z) = 2*z**2 + 4*z - 3. Let y be w(4). Suppose -3*s = -y - 9. What is the greatest common divisor of f and s?
9
Let c(m) = -m**2 - 14*m - 11. Let u be c(-13). Let p(k) = -17*k + k**3 + 25*k - 9*k. Let x be p(u). What is the highest common divisor of x and 2?
2
Let s(z) = -z**3 - 59*z**2 - 61*z - 4. Let n be s(-58). What is the greatest common factor of n and 110?
10
Suppose 0 = -5*d + 10, -5*f + 5*d - 7970 = -6*f. What is the greatest common factor of f and 120?
40
Let d be 3/((-24)/(-20))*69394/65. Calculate the greatest common factor of d and 34.
17
Suppose -29*l + 34*l - 4060 = 5*b, -2*l - 5*b + 1652 = 0. Calculate the highest common factor of 748 and l.
68
Let q(s) = 12*s**2 + 2*s - 1. Let z be q(2). Let t = z + -37. What is the greatest common factor of t and 266?
14
Let o be (0 - -13 - -3) + (3 - 2). What is the highest common factor of 2057 and o?
17
Suppose 2442*u - 2448*u = -6. Let i be (-85)/((-3)/u + 6 - 4). Suppose 2*a = a + 34. Calculate the highest common divisor of a and i.
17
Let v(d) = 808*d + 1047. Let t be v(9). What is the greatest common factor of t and 141?
141
Let c(i) = i**3 - 10*i**2 - 26*i - 18. Let h be c(10). Let y = h + 293. Calculate the highest common factor of 60 and y.
15
Suppose 5*c - 1137 = 3*m, 0 = 5*c - 17*m + 12*m - 1125. What is the greatest common divisor of 357 and c?
21
Let b(v) = 8*v**2 + 214*v - 426. Let s be b(2). Calculate the greatest common factor of 2482 and s.
34
Suppose 115*i = 116*i - 10. Suppose -4*j - 34 = -174. Calculate the greatest common factor of j and i.
5
Suppose 4*c + 18 = 2*b, 55*b - 53*b + 6 = -2*c. What is the greatest common factor of b and 1788?
1
Suppose j - 2*j + 4 = 0. Suppose -j*u + 45 = -67. Let m be (2 + 0)*(118 + -116). Calculate the highest common factor of u and m.
4
Let q(l) = 636*l - 2072. Let g be q(14). What is the highest common divisor of 14 and g?
14
Let w = 48 - 75. Let r be (-48)/w - (-6)/27. Let p be 3/(12/448) - r. What is the greatest common factor of p and 10?
10
Let v = 271 + -270. Calculate the greatest common divisor of v and 27.
1
Suppose 16*a = 198 + 42. Suppose -a*m + 24*m = 99. What is the highest common divisor of m and 209?
11
Let i be 16*((-5)/(-2))/5. Suppose m = 2*t + 7, -3*t - t = i. Suppose -m*l - 6 = -9. Calculate the greatest common factor of 2 and l.
1
Let o(u) = -u**2 + 12*u - 35. Let c be o(7). Suppose -2*y + 2*q = -12 + 14, -5*y - 2*q + 16 = c. What is the greatest common divisor of 2 and y?
2
Let x(n) = 300*n**2 + 6*n. Let w be x(1). Let v(d) = d**3 + 22*d**2 - 46*d + 57. Let z be v(-24). What is the highest common factor of z and w?
9
Let n(z) = 2*z**3 + 28*z**2 - 296*z - 31. Let v be n(-21). Calculate the highest common divisor of v and 704.
11
Suppose -u + 3429 = -4*s, 2928 + 3918 = 2*u + 4*s. What is the highest common divisor of 50 and u?
25
Suppose -i = 3*f - 961, 2*f + 5*i - 171 = 448. Let z = 1211 + -1183. Calculate the highest common divisor of z and f.
14
Let c be ((-16)/(-10))/(9 - (763/70 + -2)). Let q = 7 + 176. Let g = 327 - q. What is the greatest common factor of c and g?
16
Suppose 76 = 13*u + 163 - 321. Calculate the highest common divisor of 36 and u.
18
Let q(a) = 6*a + a**2 + 3 - 10*a**2 - 2*a + 10*a**2. Let w be q(-19). Let c = -184 + w. Calculate the greatest common divisor of c and 13.
13
Let v be 0/5 + 113 + -5. Let m = 18 + -37. Let x = -7 - m. Calculate the greatest common divisor of x and v.
12
Let w = 6174 + -6054. Calculate the highest common factor of 57 and w.
3
Suppose 0 = -8469*a + 8473*a - 36920. Calculate the greatest common divisor of 130 and a.
130
Suppose -2*c - 56 + 62 = 0. Suppose 3*r + c*t - 429 = 0, -71 = -r - 3*t + 70. What is the greatest common factor of 32 and r?
16
Let g = -405 + 405. Suppose 5*x + 4*q - 288 = g, -5*x + 290 = -2*q + 7*q. What is the highest common factor of 294 and x?
14
Suppose -138*w + 9095 = 4*i - 143*w, -5*i - w = -11434. What is the highest common factor of i and 20?
5
Let l = 165 + -19. Let h = 591 + l. Calculate the greatest common divisor of 67 and h.
67
Let p be (((-4)/((-8)/(-3)))/(102/(-388484)))/1. What is the greatest common factor of p and 29?
29
Suppose v = 5*g - 0*g - 143, g - 4*v - 40 = 0. Suppose g = -15*c + 17*c. Calculate the highest common factor of c and 126.
14
Suppose 5*z + v - 7 = z, -30 = -5*z + 3*v. Let a be 25/z + 10/6. Let d be ((-10)/(-4))/(5/100). Calculate the greatest common factor of d and a.
10
Let d = 293 + -149. Calculate the highest common divisor of 1332 and d.
36
Let g = -145 + 156. Suppose -4 = r - g. What is the greatest common factor of 14 and r?
7
Let k(o) = -o**3 - 29*o**2 - 7*o - 2. Let j be k(-28). Let u = 596 + j. What is the greatest common divisor of u and 123?
3
Let m = 1736 + -1704. Calculate the highest common divisor of m and 248.
8
Let l = 60 + -33. Let p be 2*3140/72 + (-6)/l. Suppose -5*q - 4*i = -106, 4*q - 4*i - p = -5*i. Calculate the highest common factor of 33 and q.
11
Suppose 3*l - 30842 = 219*p - 217*p, -4*l + 5*p + 41111 = 0. What is the greatest common divisor of l and 12?
12
Let y(h) = 10*h**2 + 5*h - 126 - 135 + 264 + h**3. Let v be y(-7). What is the greatest common divisor of 69 and v?
23
Let z = 82060 - 81999. Let m = -249 + 554. Calculate the highest common divisor of m and z.
61
Suppose 2*x + 3028 = -3*n + 48261, 2*n = x + 30167. Calculate the highest common factor of n and 33.
33
Let y(b) = b**2 + 16*b + 15. Let u be y(-15). Let o = u - -19. Suppose o*q - 16*q - 726 = 0. Calculate the highest common divisor of 22 and q.
22
Suppose 0 = h - 1, n + 3*n = 4*h + 140. Let a = -3296 + 3422. What is the greatest common divisor of n and a?
18
Let o = 4759 + -3868. Calculate the highest common divisor of 1539 and o.
81
Let a be (-390)/4*60/(-50). Suppose 7*l - 70 + 7 = 0. What is the greatest common factor of a and l?
9
Let j = 1144 + -1074. Suppose 4*y = -20, -5*y - 22 = -2*g + 63. Let p = 40 - g. Calc